). What is the highest common divisor of 5 and y?
5
Suppose -296*p = -339*p + 27864. What is the highest common factor of p and 64?
8
Suppose 170094 + 951755 = 43*d + 315169. What is the greatest common factor of d and 140?
140
Suppose 0 = 3*k + 39 - 21. Let o be 3 - (-1 + k/2). Let y be 2 + 1/(-3 - -2). What is the greatest common divisor of o and y?
1
Let m be 2247410/121 - 104/(-286). What is the highest common divisor of 74 and m?
74
Suppose 33*a - 1055 = 38*a. Let t = a - -261. What is the greatest common divisor of t and 40?
10
Let i = 505 - 761. Let a = i + 451. What is the greatest common divisor of 130 and a?
65
Suppose 4*a = 0, -7*q + a - 171257 = -12*q + 108328. Calculate the highest common divisor of 19 and q.
19
Let v(h) = -h**2 + 9*h + 167. Let k be v(17). Suppose 20*f + k*f = 6375. What is the highest common divisor of 25 and f?
25
Let k = -1757 + 1773. What is the greatest common divisor of 19504 and k?
16
Suppose 3*i + 162 = l - i, -2*i = -4*l + 676. Suppose 4*p = 2 + l. Let o = p + -19. What is the greatest common factor of o and 12?
12
Suppose -2*t = -16*w + 15*w + 876, 2*w = 3*t + 1316. Let q = 455 + t. Calculate the greatest common factor of q and 171.
19
Let f = -138 - -188. Let c = 69 - f. What is the greatest common factor of c and 209?
19
Suppose -22266*a - 5680 = -22276*a. What is the greatest common divisor of a and 2201?
71
Let j be 18*7/(70/(-15)). Let k = 68 + j. Let g = k - -43. Calculate the highest common divisor of g and 12.
12
Let m be 11849 - (0 + -4 + 3). What is the greatest common divisor of 150 and m?
150
Suppose 16*p - 15*p - 3 = 2*r, -3*p - 3*r = -63. What is the greatest common divisor of p and 1797?
3
Let y(u) = -22 + 82 + 146 - 18 + 22*u + 176. Let o be y(-16). What is the greatest common divisor of o and 6?
6
Suppose -3*s + 1 = -71. Suppose 2*y - 6*y = -4*m, -5*y + s = m. Suppose -6*k + 144 = 24. What is the greatest common divisor of k and m?
4
Suppose -5*z + 5664 = -2*l, 4*z - l - 1621 - 2912 = 0. Calculate the greatest common factor of z and 56.
14
Let b(p) = 27*p**2 + 353*p - 754. Let w be b(-15). Let c = 10 + -7. Suppose 23 = y - c. What is the highest common factor of y and w?
26
Suppose -12*j = 17*j - 69803. Calculate the greatest common factor of 83 and j.
83
Suppose 15 + 75 = 5*n. Suppose 6*a = c + 5*a - 212, 0 = 3*c + 3*a - 648. Let r = c - 169. What is the highest common factor of n and r?
9
Let d(n) = -646*n - 408. Let l be d(-1). What is the greatest common factor of l and 8449?
119
Let v be 11*3054/6 + (-7)/((-21)/18). Calculate the greatest common factor of v and 95.
95
Let b be (-63)/45 - 6/(-15). Let m be (-15 - -8) + b - -27. What is the greatest common factor of 304 and m?
19
Let i be (0/(-2 - -4))/2. Let s(b) = -b**2 + b + 4. Let o be s(i). Let g = -2557 + 2565. What is the greatest common factor of o and g?
4
Let z(a) = a**3 - 6*a**2 - 7*a. Suppose g + h + 0 = 4, 3*g - 15 = -2*h. Let x be z(g). Suppose -r + x + 8 = 0. Calculate the highest common factor of 4 and r.
4
Let a be (-3)/5 + 1449/15 + 6. Let q = 103 - a. Suppose -5*h - 2*c + 39 = -4*c, 5*c = 2*h - 3. What is the greatest common factor of q and h?
1
Suppose 11 = -5*g - 49. Let h be (g/16)/(9/(-228)). What is the highest common factor of 475 and h?
19
Suppose 0 = -119*c + 83*c + 9792. Let d = 44 + -12. What is the highest common factor of c and d?
16
Let h be (-425 - -423)*(-2 - 17/2). Calculate the greatest common factor of h and 1603.
7
Suppose -2*u + a = 5 - 8, 0 = 5*a + 15. Suppose u = 5*z - 5, -3*z = x + x - 313. Calculate the greatest common factor of 62 and x.
31
Suppose -a + 7 = -2*q, -5*a = -2*q + 2 - 69. Let x = a - 4. Suppose -341*c + 369*c - 1914*c + 291544 = 1427*c. Calculate the highest common divisor of c and x.
11
Let z be -10*(2 + 0 + -1)/(-1). Suppose z*a - 8*a = 4. Suppose a*y - 92 = -26. What is the highest common factor of y and 11?
11
Suppose -12 = b + 3*z, -16 = -4*b - 0*b + 4*z. Let x(n) = -66*n**3 + b + 0 - 24*n**3. Let u be x(-1). What is the greatest common divisor of 10 and u?
10
Suppose -49*o + 941 = -46*o - 181. Calculate the greatest common divisor of 176 and o.
22
Let c(v) = -23*v**3 - 136*v**2 + 13*v + 38. Let y be c(-6). Let k = 124 + -76. Calculate the greatest common divisor of y and k.
16
Let y(d) = -d**2 - 15*d + 7. Let c(g) = 5*g**2 + 59*g - 27. Let o(m) = -2*c(m) - 9*y(m). Let v be o(16). Calculate the greatest common factor of v and 56.
7
Let q(l) = -l**2 - l + 4. Let s be (3 - -1) + -9 - -3. Let m be q(s). Suppose -3*v + m = -28. What is the greatest common divisor of v and 4?
2
Let l(o) = -o**3 + 11*o**2 + 49*o - 3. Let t be l(-4). Calculate the greatest common divisor of t and 1.
1
Let a = 406 - -133. Let p = 1056 - a. What is the greatest common divisor of 11 and p?
11
Let q = -2612 - -2682. What is the highest common factor of q and 2240?
70
Let z(c) = -2*c**2 + 43*c + 30. Suppose -2*w - 4*m = -3*m - 46, 3*m = -3*w + 72. Let i be z(w). What is the greatest common factor of i and 4?
4
Let p = -423 - -243. Let o = 196 + p. What is the highest common divisor of 16 and o?
16
Suppose -23*r + 49 = 2*s - 24*r, -2*s - r = -59. Calculate the greatest common factor of s and 8.
1
Let r(l) = 3*l + 100. Let y be r(20). What is the highest common divisor of 1376 and y?
32
Let w = 865 + 13983. Calculate the highest common divisor of 116 and w.
116
Let m = 9664 + -9540. Calculate the greatest common divisor of m and 4526.
62
Suppose 33 = -9*d + 6837. Calculate the greatest common factor of d and 420.
84
Suppose t - 114 = -2*t. Let h be -2*(-8)/48*6. Calculate the greatest common factor of h and t.
2
Suppose 446*t = 161*t + 39986 - 7496. Calculate the greatest common factor of 4503 and t.
57
Let b(u) = -2*u**3 - 82*u**2 + 82*u - 76. Let k be b(-42). Let f be 9*(k + -8 + 1). Calculate the greatest common factor of f and 927.
9
Suppose -528 = -2*i - 4*i. Let p = 93 - i. Suppose -2*b + 0*b - o = -174, -p*b + 444 = -2*o. What is the highest common factor of b and 11?
11
Suppose -102 = -36*l + 11*l - 52. What is the highest common divisor of l and 23?
1
Suppose -437 + 453 = 16*l. Calculate the greatest common factor of l and 3.
1
Let b be 36*18/54 + 2132. What is the greatest common factor of 201 and b?
67
Suppose -3*v = 3*r - 315, -2*v + 2*r + 103 + 99 = 0. Calculate the highest common divisor of 5 and v.
1
Suppose 5*n = -t + 6127, -3*t - 199*n + 203*n + 18305 = 0. What is the greatest common divisor of 31 and t?
31
Let q(l) = l**3 - 5*l**2 - 3*l + 9. Let h(d) = -d - 7. Let w be h(12). Let k = w + 25. Let f be q(k). What is the greatest common divisor of 54 and f?
27
Suppose -61*n + 35*n = -7*n - 44802. Calculate the greatest common factor of 81 and n.
9
Let a(t) be the second derivative of t**5/4 - 3*t**4/4 - t**3/2 - 2*t**2 - 31*t. Let f be a(3). Calculate the highest common divisor of 164 and f.
41
Let h(i) = -2*i + 15. Let k be h(-11). Let q = 62 - k. Suppose -2 - 8 = -2*o. What is the highest common divisor of o and q?
5
Let t(h) = 124*h**3 - 4*h**2 + 5*h + 21. Let g be t(3). Calculate the greatest common divisor of g and 24.
12
Let u be (-56)/(-24) - (-6)/(-27)*-3. Let p(v) = -v**3 - 17*v**2 + 17*v - 17. Let k be p(-18). What is the greatest common divisor of u and k?
1
Let k be (3315/26)/(48/64). What is the greatest common factor of 21250 and k?
170
Let g = 22 - 20. Let x be (35/g)/(1/2). Suppose 0 = v + 1, -2*v + v = 3*t - x. What is the greatest common divisor of 12 and t?
12
Let g = -365 - -641. Suppose 0*x + 69 = -x + 5*k, 4*x = 4*k - g. Let c be (-1)/4 + x/(-4). What is the greatest common factor of 17 and c?
17
Suppose -3*z - 4*n = -33063, 3*n = -4*z + 31971 + 12120. Calculate the highest common factor of 100 and z.
25
Suppose 0 = -35*y + 40*y - 275. Let u = y + -60. Let s(z) = -z**3 - 4*z**2 - 2*z + 5. Let l be s(u). Calculate the greatest common factor of l and 360.
40
Suppose -5*b + 4*b = -2*a - 13, 5*a = -3*b - 5. Suppose 2*v = -6, p - b*v + 3*v = 28. What is the highest common divisor of 352 and p?
22
Suppose -22*r - 8*r = -210. Suppose -r*y + 4*y - 4*u = -667, -4*u + 1117 = 5*y. What is the highest common factor of y and 18?
9
Suppose -5*r - 285 + 920 = 0. Suppose -8*b = -545 - r. Let f be 30/1*2/5. What is the highest common divisor of b and f?
12
Let q be (2 - (-4)/2) 